 Suppose 818 = h*c + u. Is c a composite number?
False
Let l(b) = 6 + 7*b - 3*b + 1. Is l(6) composite?
False
Is (-1)/((-31884)/(-7972) + 2 + -6) prime?
True
Let c be ((-18)/(-3))/(0 + 2). Is ((-3860)/(-12))/(1/c) composite?
True
Suppose 11*b = 7*b + 692. Suppose -3*y + b = 1814. Let n = y + 766. Is n prime?
False
Let r = -125 - 1276. Is ((-2)/(-6))/(-4 - 5605/r) a composite number?
False
Suppose t = 5*m - 957, 12*m - 951 = 7*m - 2*t. Is m a composite number?
False
Let a(d) = 2*d**2 + d. Suppose 5*p - 7 = -22. Let h be a(p). Is (5/h)/(2/762) a prime number?
True
Let y = -3122 - -2092. Let s be (-2)/(-6) + y/3. Let q = 594 + s. Is q prime?
True
Is 2/(-6)*-1281*(1 - 0) a composite number?
True
Let d = 40 + -34. Is 2/6 + (-2 - (-76)/d) prime?
True
Let m(k) = 3*k**2 - 4*k. Let x be m(2). Let o(c) = -5*c**2 - 2*c**3 - x*c + 7*c + c**3 - 1 + 14. Is o(-6) a composite number?
False
Let m = 3095 - 984. Suppose 3*q = 4*g + 818 + m, -5*q + 4910 = -g. Is q prime?
True
Suppose 5 = 2*j + 3*j - 3*c, -5*j - 35 = 5*c. Is (-9330)/(-4) + (-1)/j a composite number?
False
Let a = -53 + 153. Suppose a = d - 9. Is d a composite number?
False
Let r = 0 - 51. Let q = -25 - r. Is q a prime number?
False
Suppose 171 = 8*x - 77. Let t = -9 - x. Is (-351)/(-4) + 30/t composite?
True
Let a(p) = -p**3 + 14*p**2 - 2. Let m be a(6). Let t = m - 137. Suppose 0 = l - 2*i - t, -4*l + 2*i = -878 + 264. Is l a composite number?
True
Let y(q) = q - 2. Let a be y(7). Suppose a*x = 3*x + 720. Suppose -5*i + 2*b = -585, 2*i = -i + 3*b + x. Is i composite?
True
Suppose -3*h - 20 = -2*b, -3*h + 2*b + 16 = -6*h. Let d = 9 - h. Is 510/1 - d/15 prime?
True
Let j = -3379 - -538. Let r = -2012 - j. Is r a composite number?
False
Let y(s) = 13*s**3 - 6*s**2 + 3*s - 2. Is y(4) a composite number?
True
Suppose -2*c = 5*j - 182, -j - 58 = -2*j + 5*c. Suppose 447 = -35*l + j*l. Is l a composite number?
False
Let w be 1/(-2 - 269/(-134)). Suppose c + 62 = -w. Let p = c - -285. Is p composite?
False
Let r(s) = -s**3 + 17*s**2 - 29*s - 12. Let p be r(15). Let m = -9 + 11. Is 79*p*m/6 a composite number?
False
Let k(n) = -21*n + 5. Let d(g) = -25*g + 4 + 5 - 18*g. Let w(p) = 6*d(p) - 11*k(p). Is w(-10) composite?
False
Suppose -3*s + s = l - 385, -4*s = -5*l - 749. Is s prime?
True
Suppose -5*w + 2061 = 546. Suppose g - 82 = 5*a, -4*g - 5*a + w = -0*a. Is g prime?
False
Is 71696/(-8)*(10/4 + -3) a composite number?
False
Suppose -z + 5*h + 9139 = 0, -12*z + 36456 = -8*z + 5*h. Is z composite?
True
Let t be (63/(-28))/((-2)/(-8)). Let s = t - -66. Let g = s + -23. Is g composite?
True
Suppose -3*d - 5*m = -2199, 0 = 5*d - m - 623 - 3042. Is d composite?
False
Suppose 2*t + 5 = 3*t. Suppose 2*g - 3*a = -1, -a + 13 = t*g - 10. Is (-25058)/(-66) + g/(-6) prime?
True
Let x = 27 - 26. Is (-4)/x + -10 + 3517 a prime number?
False
Let k be 3/(-9) - (-27687)/9. Suppose -2*y = -k + 152. Let p = y + -749. Is p a composite number?
True
Let z = 210 + 135. Suppose -3*i = -6*i + 324. Let x = z - i. Is x a prime number?
False
Let l(h) = 2*h. Let f be l(-5). Let r be 830/((-20)/4) + -5. Let u = f - r. Is u a prime number?
False
Suppose -2*m + 3*i = -0*i - 3, -i - 1 = 5*m. Suppose m = 4*p - 9*p + 1955. Is p prime?
False
Suppose -37*i = -41*i + 36508. Is i composite?
False
Suppose -5*v + 15 = 0, v = -p - v + 1187. Is p composite?
False
Let n(r) be the first derivative of r**4/4 + 4*r**3/3 - 11*r**2/2 + 4*r + 12. Is n(7) a composite number?
True
Let f = 12005 + -7028. Suppose -30*u + 21*u = -f. Is u a prime number?
False
Is 153724912/1232 + (-4)/(-14) composite?
False
Let w = -4 - -4. Suppose w = -4*q - 3*r + 2267, 0 = q + 2*q - 4*r - 1669. Is q a prime number?
True
Let y be 1/(((-2)/4)/(-1)). Suppose r - g = y*r - 86, -337 = -4*r + 3*g. Is r a prime number?
False
Suppose 10483 = 8*w + 1547. Is w composite?
False
Let z = 4538 - 1833. Is z prime?
False
Is (-2)/3 - (-13432)/69 a prime number?
False
Suppose 8930 - 30834 = -4*d. Let l be d/24 + 1/(-6). Suppose 3*p = -p + l. Is p a prime number?
False
Let r(g) = 2*g**3 + 65*g**2 - 28*g + 41. Is r(-30) composite?
False
Suppose 5*x - 102651 = 9*c - 6*c, -5*x + 102639 = 3*c. Suppose x = 5*h + 4*o, -5*h - 2*o + 2213 = -18324. Is h composite?
True
Let p be (-18)/(-8)*(-50)/(-3)*2. Suppose 0 = -2*h - 3*h + p. Is h composite?
True
Suppose -44618 = -3*r - 4*r. Is r a prime number?
False
Suppose -86653 + 423938 = 65*v. Is v composite?
False
Suppose d = -3*w + 12476, -41*w = -40*w - 5*d - 4164. Is w a composite number?
False
Let g(k) = 30*k**3 - 3*k**2 + 49*k - 13. Is g(8) a composite number?
True
Let d(m) be the third derivative of -m**5/60 + m**4/4 + 2*m**3/3 - 7*m**2. Let p be d(5). Suppose -2*g + p = -11. Is g prime?
False
Let w(z) = -6*z - 2. Let u be w(7). Let k = -1 - u. Is k a prime number?
True
Let f = 833 - 373. Let a = 1025 - f. Is a a prime number?
False
Let n(a) = -a**3 + a**2 + 6*a + 4. Let w be n(3). Suppose -w*q = -11 + 23. Is 3*q*(-797)/9 composite?
False
Let m = 3332 + -1715. Let j = m - -1336. Is j a composite number?
False
Let o = -33 - -37. Suppose o*h = -0*h + t + 563, 0 = 5*h - t - 704. Is h prime?
False
Let x = -2241 - -4298. Suppose -13*g = -2*g - x. Is g a composite number?
True
Is (0 - (6099/(-9) - -2))*3 a composite number?
False
Let r(o) = -297*o - 18. Let v be r(-5). Let z = -826 + v. Is z composite?
False
Let j(q) be the third derivative of 65*q**4/12 + q**3/6 - q**2. Is j(1) composite?
False
Let b be (15/9 + -2)/(3/(-18)). Suppose 3*v = 7*v - i - 7287, 2*i - 3646 = -b*v. Is v prime?
False
Let q(r) = r - 2. Let i be q(7). Let n(s) = -2*s**2 - 8*s + 3. Let c(k) = 3*k**2 + 8*k - 3. Let p(u) = i*c(u) + 6*n(u). Is p(8) prime?
True
Let w = 1500 + 1185. Suppose 19*n - 14*n - w = 0. Is n a prime number?
False
Suppose -8*m + 13486 + 4650 = 0. Is m composite?
False
Let k(b) = -5*b + 1. Let y be (-7 - -12)/(-2 - -1). Let c be k(y). Suppose -5*f + 79 + c = 0. Is f prime?
False
Let z(p) = -8*p**3 - 8*p - 21. Is z(-5) prime?
True
Let x = -935 + -543. Let y = x - -4089. Is y a composite number?
True
Let q(x) be the second derivative of -56*x**3/3 + x**2 - 8*x. Suppose 0*r - 2 = r. Is q(r) a composite number?
True
Is (-173)/(10640/(-3544) - -3) composite?
True
Let r(k) be the second derivative of 71*k**3/6 - 15*k**2/2 + 2*k. Is r(6) a composite number?
True
Suppose -43*x = -44*x + 289. Is x composite?
True
Is (-119472)/(-18) + 3*(-2)/18 composite?
False
Suppose j - 3*j + 172 = 0. Let x be j*(2 - 8 - 4). Let v = -613 - x. Is v a composite number?
True
Let n(o) = o**3 - 6*o**2 - o + 7. Let h be n(6). Let w be ((h + 3)/2)/1. Suppose 0*t - 586 = -w*t. Is t composite?
False
Let t = 5937 - 3014. Is t prime?
False
Suppose 27 = 7*g - 6*g. Let q = g + -24. Is 538/q*12/8 a prime number?
True
Suppose 0 = 3*j - 36580 - 5639. Is j a composite number?
True
Let s = 9 - 7. Let f be (0/(1 - -2))/s. Suppose 1465 = 5*o + 3*p, p = -o - f*p + 293. Is o a prime number?
True
Let g(n) = 2*n**3 - 26*n**2 + 32*n - 23. Is g(18) a composite number?
False
Let a(n) = 17290*n**2 + 3*n - 2. Is a(1) a prime number?
True
Suppose 5*g = 2*h - 21078, 0 = h - 9*g + 14*g - 10509. Is h a composite number?
False
Let z = 1205 - -1788. Let i = z + -1780. Is i a prime number?
True
Let p(m) = m**3 + 6*m**2 - 7*m + 4. Let d be p(-7). Suppose 2*n - h = 1320, -d*n = n - 5*h - 3305. Is n composite?
False
Suppose 0 = 6*g - 79 - 29. Suppose -2*i = 2*k - 10, i - 2*k = 5*i - g. Is -205*(i - 2 - 3) a prime number?
False
Let a = -638 - -980. Suppose 7*y - 1499 = a. Is y prime?
True
Let p(i) = 2*i**3 - 71*i**2 - 17*i - 53. Is p(38) a prime number?
True
Let s(p) = p**3 - p**2 + p. Let k be s(0). Let q(w) = 102*w**2 + 31*w**3 - 104*w**2 - w + k - 3. Is q(4) composite?
True
Let h = -2 - 2. Let p be (2*h/(-8))/1. Is -3*(-484)/12*p prime?
False
Suppose x = 3*w - 2211, -3685 = -19*w + 14*w + 5*x. Is w composite?
True
Suppose 0 = i - 3*q - 1, q + 89 = 4*i + 6*q. Let b(z) = 9*z**2 + 24*z - 35. Is b(i) prime?
False
Let q = 6 + -4. Let o = q - -4. Suppose 360 = o*v - 654. Is v composite?
True
Let c(p) = -p**3 - 6*p - 2. Let o be c(0). Is 1659 + o*1*(-4)/(-2) a prime number?
False
Let d = 11240 - 7449. Is d prime?
False
Let d(t) = -44*t - 21. Let b(i) = 22*i + 11. Let z(q) = -5*b(q) - 2*d(q). Let y(r) = -r**2 - 2*r + 3. Let k be 